red thousands digit of 906816347?
8
What is the units digit of 307545102?
2
What is the ten millions digit of 524697430?
2
What is the units digit of 402175061?
1
What is the ten thousands digit of 1441552487?
5
What is the ten thousands digit of 77554539?
5
What is the units digit of 5502634775?
5
What is the ten millions digit of 29115111?
2
What is the tens digit of 222649522?
2
What is the units digit of 44902572?
2
What is the thousands digit of 31222530?
2
What is the tens digit of 555760190?
9
What is the ten millions digit of 41392053?
4
What is the millions digit of 32984093?
2
What is the ten millions digit of 1029388755?
2
What is the ten millions digit of 40483087?
4
What is the tens digit of 1314186485?
8
What is the units digit of 52098372?
2
What is the ten millions digit of 5023861998?
2
What is the hundreds digit of 68078627?
6
What is the hundred thousands digit of 142982022?
9
What is the hundred millions digit of 241672846?
2
What is the ten millions digit of 47637083?
4
What is the ten millions digit of 60567945?
6
What is the tens digit of 2073338778?
7
What is the hundred thousands digit of 74488493?
4
What is the hundreds digit of 61910453?
4
What is the hundred millions digit of 483784161?
4
What is the hundreds digit of 1043974076?
0
What is the hundreds digit of 94905764?
7
What is the hundred thousands digit of 322434899?
4
What is the millions digit of 102822815?
2
What is the millions digit of 149986424?
9
What is the millions digit of 2765894644?
5
What is the millions digit of 259259354?
9
What is the ten thousands digit of 279000946?
0
What is the millions digit of 368559900?
8
What is the hundreds digit of 27758152?
1
What is the ten thousands digit of 194444833?
4
What is the tens digit of 1078214203?
0
What is the units digit of 15889745?
5
What is the millions digit of 15184185?
5
What is the hundreds digit of 52319154?
1
What is the tens digit of 242884352?
5
What is the thousands digit of 59684966?
4
What is the units digit of 2981048?
8
What is the millions digit of 37818132?
7
What is the ten thousands digit of 3635193159?
9
What is the tens digit of 128266533?
3
What is the thousands digit of 4157278593?
8
What is the units digit of 440428491?
1
What is the ten thousands digit of 2965519048?
1
What is the units digit of 66313626?
6
What is the ten thousands digit of 1299752343?
5
What is the thousands digit of 2078736501?
6
What is the units digit of 74254382?
2
What is the hundred millions digit of 782102422?
7
What is the ten thousands digit of 41142993?
4
What is the ten thousands digit of 35691291?
9
What is the tens digit of 257620697?
9
What is the ten thousands digit of 26651937?
5
What is the units digit of 373509416?
6
What is the tens digit of 283182504?
0
What is the billions digit of 4111336877?
4
What is the hundreds digit of 128792383?
3
What is the ten millions digit of 790343943?
9
What is the hundreds digit of 4728431648?
6
What is the hundreds digit of 169571860?
8
What is the millions digit of 136722605?
6
What is the ten millions digit of 20195279?
2
What is the thousands digit of 7619970002?
0
What is the ten millions digit of 415323913?
1
What is the hundreds digit of 659945337?
3
What is the thousands digit of 463774257?
4
What is the thousands digit of 220118594?
8
What is the hundreds digit of 55807883?
8
What is the hundreds digit of 218958074?
0
What is the hundreds digit of 29144432?
4
What is the thousands digit of 1089151518?
1
What is the thousands digit of 1063226416?
6
What is the hundred millions digit of 132035227?
1
What is the ten millions digit of 32205222?
3
What is the hundred millions digit of 545416590?
5
What is the tens digit of 368290903?
0
What is the thousands digit of 326132253?
2
What is the tens digit of 94011952?
5
What is the units digit of 149072800?
0
What is the ten millions digit of 483784579?
8
What is the units digit of 53469080?
0
What is the units digit of 947460788?
8
What is the thousands digit of 390957390?
7
What is the hundred millions digit of 182714379?
1
What is the hundred thousands digit of 28486437?
4
What is the hundreds digit of 1449162385?
3
What is the hundred millions digit of 247650632?
2
What is the ten thousands digit of 811460646?
6
What is the ten millions digit of 1209983803?
0
What is the tens digit of 86923118?
1
What is the ten thousands digit of 7423681018?
8
What is the ten thousands digit of 119619814?
1
What is the ten millions digit of 1586151405?
8
What is the billions digit of 2091305463?
2
What is the units digit of 29620162?
2
What is the thousands digit of 17010316?
0
What is the hundred thousands digit of 71201806?
2
What is the hundred thousands digit of 106338241?
3
What is the units digit of 26647882?
2
What is the millions digit of 48604038?
8
What is the units digit of 115886301?
1
What is the hundred thousands digit of 90930761?
9
What is the hundred millions digit of 2295463662?
2
What is the tens digit of 95501284?
8
What is the millions digit of 631689619?
1
What is the hundreds digit of 27752553?
5
What is the millions digit of 880457582?
0
What is the thousands digit of 950379737?
9
What is the tens digit of 572650145?
4
What is the hundreds digit of 16467316?
3
What is the ten thousands digit of 50116494?
1
What is the hundreds digit of 4505706177?
1
What is the units digit of 603987152?
2
What is the thousands digit of 274547320?
7
What is the thousands digit of 56061162?
1
What is the thousands digit of 1040967357?
7
What is the ten millions digit of 659796789?
5
What is the units digit of 351736709?
9
What is the ten thousands digit of 32272417?
7
What is the units digit of 223741504?
4
What is the tens digit of 3837245?
4
What is the hundred thousands digit of 152696847?
6
What is the ten millions digit of 371947025?
7
What is the ten thousands digit of 36292198?
9
What is the hundred millions digit of 2538788790?
5
What is the millions digit of 504468720?
4
What is the units digit of 22106339?
9
What is the hundred thousands digit of 942564881?
5
What is the hundred thousands digit of 719491050?
4
What is the units digit of 733329659?
9
What is the ten millions digit of 935141426?
3
What is the units digit of 20188903?
3
What is the units digit of 1085127184?
4
What is the millions digit of 794431251?
4
What is the billions digit of 1147363949?
1
What is the ten thousands digit of 889310266?
1
What is the ten thousands digit of 2687353639?
5
What is the thousands digit of 236375409?
5
What is the hundred thousands digit of 40621209?
6
What is the thousands digit of 3407420?
7
What is the ten millions digit of 1653815329?
5
What is the units digit of 2367576?
6
What is the thousands digit of 601289517?
9
What is the ten thousands digit of 1978632978?
3
What is the tens digit of 107725433?
3
What is the hundred thousands digit of 749695873?
6
What is the millions digit of 1705556638?
5
What is the ten thousands digit of 502867104?
6
What is the thousands digit of 67819303?
9
What is the hundred thousands digit of 6916930413?
9
What is the millions digit of 9377195?
9
What is the hundreds digit of 5106564?
5
What is the ten millions digit of 2484986245?
8
What is the hundreds digit of 2344251696?
6
What is the thousands digit of 29609889?
9
What is the units digit of 465348545?
5
What is the hundred thousands digit of 8193477?
1
What is the thousands digit of 4426773455?
3
What is the thousands digit of 69062213?
2
What is the thousands digit of 1573125750?
5
What is the tens digit of 1699814324?
2
What is the millions digit of 152681655?
2
What is the hundred thousands digit of 31788784?
7
What is the ten thousands digit of 20024136?
2
What is the ten millions digit of 464766812?
6
What is the billions digit of 1091512934?
1
What is the ten millions digit of 275526788?
7
What is the tens digit of 52868872?
7
What is the hundreds digit of 41893894?
8
What is the ten thousands digit of 91000307?
0
What is the millions digit of 166760896?
6
What is the hundreds digit of 479258716?
7
What is the units digit of 594812167?
7
What is the tens digit of 153163922?
2
What is the hundreds digit of 2708043?
0
What is the billions digit of 1689275534?
1
What is the hundred thousands digit of 38458098?